ommon divisor of 16 and n?
4
Let r = 710 - 647. Calculate the greatest common factor of r and 259.
7
Let d = -243 + 246. Suppose -5*b - 40 = -5*z, z + 4*b - d = -15. Suppose 8 = -i + 4*v, -3*i + 4*v = -0*v - 16. What is the highest common divisor of z and i?
4
Let j be 7/(11 + -18)*-24. Calculate the highest common factor of j and 424.
8
Let y = -40 + 71. Let z = y - 33. Let n be 52 + (-12)/(z - 1). What is the greatest common factor of 84 and n?
28
Suppose 15*i + 29 = 584. Let f(l) = -l**3 - 6*l**2 - l + 31. Let n be f(-6). Calculate the greatest common divisor of i and n.
37
Let s be -6 - (-333)/(-6)*-2. Let y(o) = -14*o - 7. Let f be y(-2). What is the greatest common factor of s and f?
21
Suppose 14 - 4 = 5*p. Suppose -a + p*y = -52, 28 = -3*a - 5*y + 162. Calculate the greatest common divisor of a and 176.
16
Suppose 22*h + 24 = 26*h. Suppose 4*f - 10 = h*f, c - 60 = f. Let d = -28 - -39. What is the highest common divisor of c and d?
11
Suppose 96 = 4*f + 4*i, 2*f - i - 28 = i. Suppose -f*r - 109 = -1097. What is the greatest common divisor of 8 and r?
4
Suppose -3*o = -0*o - 24. Let n(u) = 32*u - 40. Suppose 18 = 2*m + 2*k, -3*m - 2*k + 7 = -3*k. Let v be n(m). What is the highest common divisor of v and o?
8
Suppose -j + 251 = 5*d, -5*j - 2*d + 1367 = -5*d. Suppose j*c - 200 = 266*c. Calculate the highest common divisor of 520 and c.
40
Let j(g) = -21*g + 82. Let b be j(4). Let f be b - ((-9)/1 + -2). Calculate the greatest common divisor of 12 and f.
3
Let i = 185 + -162. Calculate the greatest common factor of i and 5221.
23
Let i = -11684 + 14422. What is the greatest common factor of i and 222?
74
Let m = -1675 + 5147. What is the highest common factor of 112 and m?
112
Let q be 74 + -3 - 3021/159. What is the greatest common divisor of q and 142?
2
Let q = 11810 + -11099. Calculate the greatest common divisor of 9 and q.
9
Let k be (-10)/6*6534/(-990). Calculate the highest common divisor of 6831 and k.
11
Let b be (-30)/145*-32664 + 2/(-29). Calculate the greatest common divisor of b and 1744.
218
Let j be ((-2)/(-8))/((-5)/340)*(-36)/2. What is the highest common divisor of j and 6222?
102
Let y = 120 + -102. Suppose a = 5*m + 37, a + 0*a - 46 = 2*m. Suppose -5*k + y = -a. Calculate the highest common factor of k and 70.
14
Suppose 20335 - 165 = i - 5*o, 0 = 3*i - 2*o - 60484. Suppose 59*r - i = 23*r. What is the highest common factor of r and 70?
70
Suppose -a - 3*k + 60 = 0, -a + 1 + 53 = 4*k. What is the highest common factor of a and 42?
6
Let z(r) = -r**2 - 16*r + 20. Let x be z(-17). Let o(b) = 7*b**3 - 6*b - 6. Let n be o(x). Calculate the highest common factor of 15 and n.
15
Suppose 171168*c = 171087*c + 28917. Suppose 13 = -5*t + 3, -m + 94 = -5*t. What is the greatest common divisor of m and c?
21
Suppose 5*l = n - 115, 0 = -2*n - 7*l + 12*l + 235. What is the greatest common divisor of 195 and n?
15
Suppose -5 = -13*d + 8*d. Let g be ((-6)/(-4))/(d + 35/(-30)). Let c be 1/3 + (-573)/g. What is the greatest common divisor of c and 8?
8
Let q(u) = 9*u**2 + 48*u + 260. Let v be q(-14). What is the highest common factor of 8 and v?
8
Let i = -6363 - -6370. Let j be 51/7 - 2/7. Suppose -28 = 3*u - j*u. Calculate the highest common factor of i and u.
7
Suppose 63*s + 540 = 5*m + 64*s, -4*s = 2*m - 216. What is the highest common factor of 24 and m?
12
Let b = 1473 + -1466. What is the greatest common divisor of b and 1071?
7
Let v be -3*90/(-4)*328/10. What is the greatest common divisor of v and 82?
82
Let k = 140 + -134. Let y be (36/9)/(1/(-20)). Let t = -38 - y. Calculate the greatest common factor of k and t.
6
Suppose 61*t - 112*t - 960 = -56*t. Calculate the highest common divisor of t and 2624.
64
Let z = 8644 - 8400. Calculate the greatest common divisor of 32 and z.
4
Suppose -4*x + 3*g = 8*g - 14765, -2*g + 18469 = 5*x. What is the greatest common factor of x and 5?
5
Let r = 100 + 8. Suppose -23*n - 13*n = -r. Calculate the greatest common factor of n and 48.
3
Suppose 4*g - 316 - 35 = 57. Calculate the highest common divisor of g and 4794.
102
Let y(t) = 5*t - 15. Let c be y(6). Let s = -4601 - -5081. What is the greatest common factor of c and s?
15
Let a(d) be the third derivative of d**5/60 + 9*d**4/8 + 59*d**3/6 - 3745*d**2. Let i = 43 + -72. Let n be a(i). What is the highest common divisor of n and 13?
13
Let x = 3620 - 3590. Calculate the highest common factor of x and 255.
15
Let d be (-2)/(-4*1/(-16)) - (-20 - 0). Let m be (-1)/(-3) + 142/6. Calculate the highest common factor of d and m.
12
Let y = -2473 + 2883. What is the greatest common factor of 1886 and y?
82
Let k = 357 - 282. Calculate the highest common factor of k and 475.
25
Suppose -30*z - 3224 = -38*z. What is the highest common divisor of 341 and z?
31
Let c = 2292 - 2184. Suppose 0 = 2*i + 1 - 91. What is the greatest common factor of c and i?
9
Suppose 9*b - 1722 - 55590 = 0. What is the highest common factor of b and 128?
32
Let g(s) = 6*s**2 - 3*s + 3. Let z be g(1). Let y be (z/18)/(2/72). Suppose -y*i = -8*i - 80. What is the greatest common divisor of i and 50?
10
Let j = 513 + -342. Let b(r) = r + 13. Let q be b(-9). Suppose -3*s + j = 2*t, -q*t + 241 = -2*s - 93. Calculate the highest common factor of t and 12.
12
Let o(d) = -d**2 + 1. Let z(m) = 9*m + 8. Let l(q) = -3*o(q) - z(q). Let j = -1618 - -1632. Let i be l(j). What is the greatest common divisor of 41 and i?
41
Let q be (-28967)/(-2075) + (-2)/(-50). What is the greatest common divisor of 7637 and q?
7
Suppose 0 = 10*k - 6*k - 120. Let b = k + -27. Suppose -2*r - b*f = -49, -3*r + 45 = 5*f - 26. Calculate the greatest common factor of r and 48.
16
Suppose c - 357 = 5*x, c + 4*x - 343 = 2*x. Let k = c + -319. Let s be ((-4)/(-10))/((-6)/(-60)). What is the highest common factor of s and k?
4
Let x(r) = r**3 + 8*r**2 + 7*r + 9. Let p be x(-7). Let t be 39 + ((6 - 17) + 14)/(2/(-4)). What is the greatest common divisor of t and p?
3
Let m be (20 - 3)*(2 + 0). Suppose -324 = 236*r - 240*r. Suppose -3*j = -2*b - 157, -5*j + 2*b + r + 178 = 0. Calculate the greatest common divisor of m and j.
17
Let i(h) = -h + 23. Suppose 18*o + 12 = 19*o. Let j be i(o). Let l = 25 - j. Calculate the greatest common divisor of l and 98.
14
Suppose 0 = 182*c - 15465 - 1643. Calculate the greatest common divisor of c and 2914.
94
Let k = 0 - -14. Let g = k + -11. Let q be (3 - 3)/g - 14*-7. What is the highest common factor of q and 14?
14
Let p be (4 + (-34)/4)*202/(-3). Suppose -2*v + v + p = 0. Suppose -6*l + 183 = -v. What is the highest common factor of 54 and l?
27
Suppose 9 = 27*m - 22*m - 2*t, -3*t + 21 = 4*m. Calculate the highest common divisor of 1587 and m.
3
Let m(i) = i**2 - 38*i + 136. Let t be m(41). What is the greatest common factor of t and 1739?
37
Let p(n) = -n**3 + 15*n**2 + 12*n + 73. Let g be p(16). Let f be -10*-6*(-5)/(-20). What is the highest common divisor of g and f?
3
Let j(w) = -108*w**2 + 1421*w + 7. Let z be j(13). Calculate the greatest common factor of z and 627.
57
Suppose -927 = -43*t - 60*t. Calculate the greatest common divisor of t and 1143.
9
Let a(b) = -b**2 - b + 56. Let z be a(0). Suppose -31 = -h + q - 34, 10 = q. What is the highest common factor of z and h?
7
Suppose -4 = -2*o - 8*s + 4*s, -5 = 3*o - 5*s. Suppose 252 = 2*k + j, o = 3*k + j - 242 - 138. What is the greatest common divisor of 2 and k?
2
Suppose -306*r + 47564 = -118*r. What is the highest common factor of 143 and r?
11
Let w(q) be the second derivative of q**5 - q**4/4 + q**3/2 - 4*q - 12. Let o be w(1). Calculate the highest common factor of o and 220.
20
Let j = 4323 - 4141. Let a be (0 - (3 + -2)) + 15. What is the highest common factor of j and a?
14
Suppose -10*y = -2*y - 24. Suppose -y*u + 305 = 2*u. Let w = 80 - u. What is the highest common factor of 76 and w?
19
Suppose -4*p = 2*o - 8296 - 11460, 3*p + 5*o - 14796 = 0. What is the highest common factor of 70 and p?
14
Let g(f) = 19*f + 4*f**3 - 4*f**2 - 4 + 2 - 17*f + 6*f**2. Let v be g(2). Calculate the greatest common factor of 14 and v.
14
Let g be ((-51)/18 - 2/12) + 10. Suppose g*l = 108 - 17. Calculate the highest common divisor of l and 169.
13
Let k = 161 + -143. Suppose -68*l + 54 = -67*l. Calculate the great